{"id":77,"date":"2022-10-16T16:59:49","date_gmt":"2022-10-16T16:59:49","guid":{"rendered":"https:\/\/grabomassage.se\/?page_id=77"},"modified":"2025-03-17T17:36:18","modified_gmt":"2025-03-17T17:36:18","slug":"om-grabo-massage","status":"publish","type":"page","link":"https:\/\/grabomassage.se\/index.php\/om-grabo-massage\/","title":{"rendered":"Om Gr\u00e5bo massage"},"content":{"rendered":"<p>[et_pb_section fb_built=&#8221;1&#8243; _builder_version=&#8221;4.18.1&#8243; _module_preset=&#8221;default&#8221; use_background_color_gradient=&#8221;on&#8221; background_color_gradient_direction=&#8221;129deg&#8221; background_color_gradient_stops=&#8221;#ff612f 0%|#e5007d 21%|#6c10b9 69%|#3b9cdb 100%&#8221; background_enable_pattern_style=&#8221;on&#8221; background_pattern_style=&#8221;ogees&#8221; background_pattern_color=&#8221;rgba(0,0,0,0.08)&#8221; custom_padding=&#8221;100px||||false|false&#8221; global_colors_info=&#8221;{}&#8221;][et_pb_row column_structure=&#8221;3_5,2_5&#8243; _builder_version=&#8221;4.18.1&#8243; _module_preset=&#8221;default&#8221; custom_padding=&#8221;0px||10px||false|false&#8221; global_colors_info=&#8221;{}&#8221;][et_pb_column type=&#8221;3_5&#8243; _builder_version=&#8221;4.18.1&#8243; _module_preset=&#8221;default&#8221; animation_style=&#8221;slide&#8221; animation_direction=&#8221;left&#8221; animation_intensity_slide=&#8221;5%&#8221; global_colors_info=&#8221;{}&#8221;][et_pb_text _builder_version=&#8221;4.18.1&#8243; _module_preset=&#8221;default&#8221; text_font=&#8221;Source Serif Pro||||||||&#8221; text_text_color=&#8221;#fcfcfc&#8221; header_font=&#8221;Source Serif Pro|700|||||||&#8221; header_text_color=&#8221;#FFFFFF&#8221; header_font_size=&#8221;60px&#8221; header_2_font=&#8221;Source Serif Pro||||||||&#8221; header_2_text_color=&#8221;#FFFFFF&#8221; header_2_font_size=&#8221;24px&#8221; header_2_line_height=&#8221;1.3em&#8221; global_colors_info=&#8221;{}&#8221;]<\/p>\n<h1>Om Gr\u00e5bo massage<\/h1>\n<h2>Varf\u00f6r Friskv\u00e5rd?<\/h2>\n<p>N\u00e4r jag var ung inspirerades jag alltid av min mor n\u00e4r hon arbetade med friskv\u00e5rd i Iran. 2004 b\u00f6rjade jag studera p\u00e5 Folkh\u00f6gskola i Sverige. Under mina \u00e5r i Sverige fick jag ber\u00f6m f\u00f6r hur bra jag var p\u00e5 att massera, att utbilda mig till mass\u00f6r var en sj\u00e4lvklarhet.<\/p>\n<h2>Utbildning<\/h2>\n<p>2019 var jag f\u00e4rdigutbildad mass\u00f6r och sedermera utbildad i kosmetisk akupunktur. L\u00e4s mer om hur kosmetisk akupunktur fungerar <a href=\"https:\/\/grabomassage.se\/index.php\/kosmetisk-akupunktur\/\">h\u00e4r<\/a>.<\/p>\n<h2>Min salong<\/h2>\n<p>Nu bor jag i Gr\u00e5bo,\u00a0 i V\u00e4stra G\u00f6taland, och har \u00f6ppnat d\u00f6rrarna f\u00f6r min egen salong p\u00e5 Sm\u00e5h\u00f6ga 22.<\/p>\n<p>V\u00e4l m\u00f6tt<br \/><strong>Touba Amini\u00a0<\/strong><\/p>\n<p>[\/et_pb_text][\/et_pb_column][et_pb_column type=&#8221;2_5&#8243; _builder_version=&#8221;4.18.1&#8243; _module_preset=&#8221;default&#8221; animation_style=&#8221;slide&#8221; animation_direction=&#8221;right&#8221; animation_intensity_slide=&#8221;5%&#8221; global_colors_info=&#8221;{}&#8221;][et_pb_image src=&#8221;https:\/\/grabomassage.se\/wp-content\/uploads\/2022\/10\/touba-amini-1.jpg&#8221; alt=&#8221;Touba Amini&#8221; title_text=&#8221;touba-amini (1)&#8221; _builder_version=&#8221;4.18.1&#8243; _module_preset=&#8221;default&#8221; width=&#8221;340px&#8221; border_radii=&#8221;on|10px|10px|10px|10px&#8221; global_colors_info=&#8221;{}&#8221;][\/et_pb_image][\/et_pb_column][\/et_pb_row][et_pb_row column_structure=&#8221;1_3,1_3,1_3&#8243; _builder_version=&#8221;4.27.4&#8243; _module_preset=&#8221;default&#8221; hover_enabled=&#8221;0&#8243; global_colors_info=&#8221;{}&#8221; use_custom_gutter=&#8221;on&#8221; gutter_width=&#8221;1&#8243; sticky_enabled=&#8221;0&#8243;][et_pb_column type=&#8221;1_3&#8243; _builder_version=&#8221;4.18.0&#8243; _module_preset=&#8221;default&#8221; global_colors_info=&#8221;{}&#8221;][et_pb_image src=&#8221;https:\/\/grabomassage.se\/wp-content\/uploads\/2022\/10\/Kursintyg.Gra\u2560ebomassage-1-scaled.jpg&#8221; alt=&#8221;Kursintyg Touba Amini Kosmetisk akupunktur&#8221; title_text=&#8221;kursintyg &#8211; gr\u00e5&#8221; _builder_version=&#8221;4.18.0&#8243; _module_preset=&#8221;default&#8221; global_colors_info=&#8221;{}&#8221;][\/et_pb_image][\/et_pb_column][et_pb_column type=&#8221;1_3&#8243; _builder_version=&#8221;4.18.0&#8243; _module_preset=&#8221;default&#8221; global_colors_info=&#8221;{}&#8221;][et_pb_image src=&#8221;https:\/\/grabomassage.se\/wp-content\/uploads\/2022\/10\/Kursintyg.grabomassage.gron-1-scaled.jpg&#8221; title_text=&#8221;Kursintyg.gr\u00e5bomassage.gr\u00f6n (1)&#8221; _builder_version=&#8221;4.18.0&#8243; _module_preset=&#8221;default&#8221; global_colors_info=&#8221;{}&#8221;][\/et_pb_image][\/et_pb_column][et_pb_column type=&#8221;1_3&#8243; _builder_version=&#8221;4.18.0&#8243; _module_preset=&#8221;default&#8221; global_colors_info=&#8221;{}&#8221;][et_pb_image src=&#8221;https:\/\/grabomassage.se\/wp-content\/uploads\/2025\/03\/IMG_0726-scaled.webp&#8221; title_text=&#8221;IMG_0726&#8243; _builder_version=&#8221;4.27.4&#8243; _module_preset=&#8221;default&#8221; hover_enabled=&#8221;0&#8243; global_colors_info=&#8221;{}&#8221; sticky_enabled=&#8221;0&#8243;][\/et_pb_image][\/et_pb_column][\/et_pb_row][\/et_pb_section]<\/p>\n","protected":false},"excerpt":{"rendered":"<p>Om Gr\u00e5bo massage Varf\u00f6r Friskv\u00e5rd? N\u00e4r jag var ung inspirerades jag alltid av min mor n\u00e4r hon arbetade med friskv\u00e5rd i Iran. 2004 b\u00f6rjade jag studera p\u00e5 Folkh\u00f6gskola i Sverige. Under mina \u00e5r i Sverige fick jag ber\u00f6m f\u00f6r hur bra jag var p\u00e5 att massera, att utbilda mig till mass\u00f6r var en sj\u00e4lvklarhet. Utbildning [&hellip;]<\/p>\n","protected":false},"author":1,"featured_media":0,"parent":0,"menu_order":0,"comment_status":"closed","ping_status":"closed","template":"","meta":{"_et_pb_use_builder":"on","_et_pb_old_content":"<!-- wp:divi\/placeholder \/-->","_et_gb_content_width":"","footnotes":""},"class_list":["post-77","page","type-page","status-publish","hentry"],"_links":{"self":[{"href":"https:\/\/grabomassage.se\/index.php\/wp-json\/wp\/v2\/pages\/77","targetHints":{"allow":["GET"]}}],"collection":[{"href":"https:\/\/grabomassage.se\/index.php\/wp-json\/wp\/v2\/pages"}],"about":[{"href":"https:\/\/grabomassage.se\/index.php\/wp-json\/wp\/v2\/types\/page"}],"author":[{"embeddable":true,"href":"https:\/\/grabomassage.se\/index.php\/wp-json\/wp\/v2\/users\/1"}],"replies":[{"embeddable":true,"href":"https:\/\/grabomassage.se\/index.php\/wp-json\/wp\/v2\/comments?post=77"}],"version-history":[{"count":16,"href":"https:\/\/grabomassage.se\/index.php\/wp-json\/wp\/v2\/pages\/77\/revisions"}],"predecessor-version":[{"id":287,"href":"https:\/\/grabomassage.se\/index.php\/wp-json\/wp\/v2\/pages\/77\/revisions\/287"}],"wp:attachment":[{"href":"https:\/\/grabomassage.se\/index.php\/wp-json\/wp\/v2\/media?parent=77"}],"curies":[{"name":"wp","href":"https:\/\/api.w.org\/{rel}","templated":true}]}}